{"id":238674,"date":"2022-06-12T16:57:16","date_gmt":"2022-06-12T14:57:16","guid":{"rendered":"https:\/\/www.gmc-moto.ch\/trk-502-x-e5\/"},"modified":"2023-05-08T13:58:44","modified_gmt":"2023-05-08T11:58:44","slug":"trk-502-x-e5","status":"publish","type":"product","link":"https:\/\/www.gmc-moto.ch\/de\/trk-502-x-e5\/","title":{"rendered":"TRK 502 X E5"},"content":{"rendered":"","protected":false},"excerpt":{"rendered":"<p>Die ultimative Abenteuermaschine!!! Die neue TRK 502 X wurde im Detail \u00fcberarbeitet und ist jetzt mit hintergrundbeleuchteten Bedienelementen am Lenker sowie Handsch\u00fctzern, Spiegeln und Griffen ausgestattet, die das Motorradlogo schm\u00fccken. Der Lenker und der Kupplungshebel sind verstellbar, sodass jeder Fahrer von den besten Fahrbedingungen profitieren kann. Der TRK 502 X gewinnt dank seines neuen Aluminium-Gep\u00e4cktr\u00e4gers an Ergonomie und sein v\u00f6llig neuer Sattel vervollst\u00e4ndigt sein Re-Styling und bietet einen bequemeren und ger\u00e4umigeren Sitz f\u00fcr maximalen Komfort f\u00fcr Fahrer und Beifahrer.<\/p>\n","protected":false},"featured_media":235059,"template":"","meta":{"_acf_changed":false},"product_brand":[],"product_cat":[9802,9804,9904],"product_tag":[],"class_list":{"0":"post-238674","1":"product","2":"type-product","3":"status-publish","4":"has-post-thumbnail","6":"product_cat-motorrader","7":"product_cat-genfer-motorradtests","8":"product_cat-benelli-motorrad","10":"first","11":"instock","12":"shipping-taxable","13":"purchasable","14":"product-type-simple"},"acf":[],"yoast_head":"<!-- This site is optimized with the Yoast SEO plugin v27.5 - https:\/\/yoast.com\/product\/yoast-seo-wordpress\/ -->\n<title>TRK 502 X E5 - Gen\u00e8ve Moto Center<\/title>\n<meta name=\"description\" content=\"Es gewinnt an Ergonomie dank seines neuen Aluminium-Gep\u00e4cktr\u00e4gers und sein brandneuer Sattel vervollst\u00e4ndigt sein Re-Styling, kommen Sie und probieren Sie es aus.\" \/>\n<meta name=\"robots\" content=\"index, follow, max-snippet:-1, max-image-preview:large, max-video-preview:-1\" \/>\n<link rel=\"canonical\" href=\"https:\/\/www.gmc-moto.ch\/de\/trk-502-x-e5\/\" \/>\n<meta property=\"og:locale\" content=\"de_DE\" \/>\n<meta property=\"og:type\" content=\"article\" \/>\n<meta property=\"og:title\" content=\"TRK 502 X E5 - Gen\u00e8ve Moto Center\" \/>\n<meta property=\"og:description\" content=\"Es gewinnt an Ergonomie dank seines neuen Aluminium-Gep\u00e4cktr\u00e4gers und sein brandneuer Sattel vervollst\u00e4ndigt sein Re-Styling, kommen Sie und probieren Sie es aus.\" \/>\n<meta property=\"og:url\" content=\"https:\/\/www.gmc-moto.ch\/de\/trk-502-x-e5\/\" \/>\n<meta property=\"og:site_name\" content=\"Gen\u00e8ve Moto Center\" \/>\n<meta property=\"article:publisher\" content=\"https:\/\/www.facebook.com\/suzukigeneve\/\" \/>\n<meta property=\"article:modified_time\" content=\"2023-05-08T11:58:44+00:00\" \/>\n<meta property=\"og:image\" content=\"https:\/\/www.gmc-moto.ch\/wp-content\/uploads\/2022\/06\/TRK_502_X_E5_b.jpg\" \/>\n\t<meta property=\"og:image:width\" content=\"2560\" \/>\n\t<meta property=\"og:image:height\" content=\"1776\" \/>\n\t<meta property=\"og:image:type\" content=\"image\/jpeg\" \/>\n<meta name=\"twitter:card\" content=\"summary_large_image\" \/>\n<script type=\"application\/ld+json\" class=\"yoast-schema-graph\">{\"@context\":\"https:\\\/\\\/schema.org\",\"@graph\":[{\"@type\":[\"WebPage\",\"ItemPage\"],\"@id\":\"https:\\\/\\\/www.gmc-moto.ch\\\/de\\\/trk-502-x-e5\\\/\",\"url\":\"https:\\\/\\\/www.gmc-moto.ch\\\/de\\\/trk-502-x-e5\\\/\",\"name\":\"TRK 502 X E5 - Gen\u00e8ve Moto Center\",\"isPartOf\":{\"@id\":\"https:\\\/\\\/www.gmc-moto.ch\\\/de\\\/#website\"},\"primaryImageOfPage\":{\"@id\":\"https:\\\/\\\/www.gmc-moto.ch\\\/de\\\/trk-502-x-e5\\\/#primaryimage\"},\"image\":{\"@id\":\"https:\\\/\\\/www.gmc-moto.ch\\\/de\\\/trk-502-x-e5\\\/#primaryimage\"},\"thumbnailUrl\":\"https:\\\/\\\/www.gmc-moto.ch\\\/wp-content\\\/uploads\\\/2022\\\/06\\\/TRK_502_X_E5_b.jpg\",\"datePublished\":\"2022-06-12T14:57:16+00:00\",\"dateModified\":\"2023-05-08T11:58:44+00:00\",\"description\":\"Es gewinnt an Ergonomie dank seines neuen Aluminium-Gep\u00e4cktr\u00e4gers und sein brandneuer Sattel vervollst\u00e4ndigt sein Re-Styling, kommen Sie und probieren Sie es aus.\",\"breadcrumb\":{\"@id\":\"https:\\\/\\\/www.gmc-moto.ch\\\/de\\\/trk-502-x-e5\\\/#breadcrumb\"},\"inLanguage\":\"de-DE\",\"potentialAction\":[{\"@type\":\"ReadAction\",\"target\":[\"https:\\\/\\\/www.gmc-moto.ch\\\/de\\\/trk-502-x-e5\\\/\"]}]},{\"@type\":\"ImageObject\",\"inLanguage\":\"de-DE\",\"@id\":\"https:\\\/\\\/www.gmc-moto.ch\\\/de\\\/trk-502-x-e5\\\/#primaryimage\",\"url\":\"https:\\\/\\\/www.gmc-moto.ch\\\/wp-content\\\/uploads\\\/2022\\\/06\\\/TRK_502_X_E5_b.jpg\",\"contentUrl\":\"https:\\\/\\\/www.gmc-moto.ch\\\/wp-content\\\/uploads\\\/2022\\\/06\\\/TRK_502_X_E5_b.jpg\",\"width\":2560,\"height\":1776},{\"@type\":\"BreadcrumbList\",\"@id\":\"https:\\\/\\\/www.gmc-moto.ch\\\/de\\\/trk-502-x-e5\\\/#breadcrumb\",\"itemListElement\":[{\"@type\":\"ListItem\",\"position\":1,\"name\":\"Home\",\"item\":\"https:\\\/\\\/www.gmc-moto.ch\\\/de\\\/\"},{\"@type\":\"ListItem\",\"position\":2,\"name\":\"Produkte\",\"item\":\"https:\\\/\\\/www.gmc-moto.ch\\\/de\\\/shop\\\/\"},{\"@type\":\"ListItem\",\"position\":3,\"name\":\"TRK 502 X E5\"}]},{\"@type\":\"WebSite\",\"@id\":\"https:\\\/\\\/www.gmc-moto.ch\\\/de\\\/#website\",\"url\":\"https:\\\/\\\/www.gmc-moto.ch\\\/de\\\/\",\"name\":\"Gen\u00e8ve Moto Center\",\"description\":\"Motos et Scooters neufs - Le plus grand showroom de suisse romande - Venez essayer nos mod\u00e8les - Atelier Motos Scooters - Centre Karcher\",\"publisher\":{\"@id\":\"https:\\\/\\\/www.gmc-moto.ch\\\/de\\\/#organization\"},\"alternateName\":\"GMC-Moto\",\"potentialAction\":[{\"@type\":\"SearchAction\",\"target\":{\"@type\":\"EntryPoint\",\"urlTemplate\":\"https:\\\/\\\/www.gmc-moto.ch\\\/de\\\/?s={search_term_string}\"},\"query-input\":{\"@type\":\"PropertyValueSpecification\",\"valueRequired\":true,\"valueName\":\"search_term_string\"}}],\"inLanguage\":\"de-DE\"},{\"@type\":\"Organization\",\"@id\":\"https:\\\/\\\/www.gmc-moto.ch\\\/de\\\/#organization\",\"name\":\"Gen\u00e8ve Moto Center SA\",\"alternateName\":\"GMC\",\"url\":\"https:\\\/\\\/www.gmc-moto.ch\\\/de\\\/\",\"logo\":{\"@type\":\"ImageObject\",\"inLanguage\":\"de-DE\",\"@id\":\"https:\\\/\\\/www.gmc-moto.ch\\\/de\\\/#\\\/schema\\\/logo\\\/image\\\/\",\"url\":\"https:\\\/\\\/www.gmc-moto.ch\\\/wp-content\\\/uploads\\\/2020\\\/08\\\/logo-emboss-s.png\",\"contentUrl\":\"https:\\\/\\\/www.gmc-moto.ch\\\/wp-content\\\/uploads\\\/2020\\\/08\\\/logo-emboss-s.png\",\"width\":80,\"height\":80,\"caption\":\"Gen\u00e8ve Moto Center SA\"},\"image\":{\"@id\":\"https:\\\/\\\/www.gmc-moto.ch\\\/de\\\/#\\\/schema\\\/logo\\\/image\\\/\"},\"sameAs\":[\"https:\\\/\\\/www.facebook.com\\\/suzukigeneve\\\/\",\"https:\\\/\\\/www.instagram.com\\\/genevemotocenter\\\/\"]}]}<\/script>\n<!-- \/ Yoast SEO plugin. -->","yoast_head_json":{"title":"TRK 502 X E5 - Gen\u00e8ve Moto Center","description":"Es gewinnt an Ergonomie dank seines neuen Aluminium-Gep\u00e4cktr\u00e4gers und sein brandneuer Sattel vervollst\u00e4ndigt sein Re-Styling, kommen Sie und probieren Sie es aus.","robots":{"index":"index","follow":"follow","max-snippet":"max-snippet:-1","max-image-preview":"max-image-preview:large","max-video-preview":"max-video-preview:-1"},"canonical":"https:\/\/www.gmc-moto.ch\/de\/trk-502-x-e5\/","og_locale":"de_DE","og_type":"article","og_title":"TRK 502 X E5 - Gen\u00e8ve Moto Center","og_description":"Es gewinnt an Ergonomie dank seines neuen Aluminium-Gep\u00e4cktr\u00e4gers und sein brandneuer Sattel vervollst\u00e4ndigt sein Re-Styling, kommen Sie und probieren Sie es aus.","og_url":"https:\/\/www.gmc-moto.ch\/de\/trk-502-x-e5\/","og_site_name":"Gen\u00e8ve Moto Center","article_publisher":"https:\/\/www.facebook.com\/suzukigeneve\/","article_modified_time":"2023-05-08T11:58:44+00:00","og_image":[{"width":2560,"height":1776,"url":"https:\/\/www.gmc-moto.ch\/wp-content\/uploads\/2022\/06\/TRK_502_X_E5_b.jpg","type":"image\/jpeg"}],"twitter_card":"summary_large_image","schema":{"@context":"https:\/\/schema.org","@graph":[{"@type":["WebPage","ItemPage"],"@id":"https:\/\/www.gmc-moto.ch\/de\/trk-502-x-e5\/","url":"https:\/\/www.gmc-moto.ch\/de\/trk-502-x-e5\/","name":"TRK 502 X E5 - Gen\u00e8ve Moto Center","isPartOf":{"@id":"https:\/\/www.gmc-moto.ch\/de\/#website"},"primaryImageOfPage":{"@id":"https:\/\/www.gmc-moto.ch\/de\/trk-502-x-e5\/#primaryimage"},"image":{"@id":"https:\/\/www.gmc-moto.ch\/de\/trk-502-x-e5\/#primaryimage"},"thumbnailUrl":"https:\/\/www.gmc-moto.ch\/wp-content\/uploads\/2022\/06\/TRK_502_X_E5_b.jpg","datePublished":"2022-06-12T14:57:16+00:00","dateModified":"2023-05-08T11:58:44+00:00","description":"Es gewinnt an Ergonomie dank seines neuen Aluminium-Gep\u00e4cktr\u00e4gers und sein brandneuer Sattel vervollst\u00e4ndigt sein Re-Styling, kommen Sie und probieren Sie es aus.","breadcrumb":{"@id":"https:\/\/www.gmc-moto.ch\/de\/trk-502-x-e5\/#breadcrumb"},"inLanguage":"de-DE","potentialAction":[{"@type":"ReadAction","target":["https:\/\/www.gmc-moto.ch\/de\/trk-502-x-e5\/"]}]},{"@type":"ImageObject","inLanguage":"de-DE","@id":"https:\/\/www.gmc-moto.ch\/de\/trk-502-x-e5\/#primaryimage","url":"https:\/\/www.gmc-moto.ch\/wp-content\/uploads\/2022\/06\/TRK_502_X_E5_b.jpg","contentUrl":"https:\/\/www.gmc-moto.ch\/wp-content\/uploads\/2022\/06\/TRK_502_X_E5_b.jpg","width":2560,"height":1776},{"@type":"BreadcrumbList","@id":"https:\/\/www.gmc-moto.ch\/de\/trk-502-x-e5\/#breadcrumb","itemListElement":[{"@type":"ListItem","position":1,"name":"Home","item":"https:\/\/www.gmc-moto.ch\/de\/"},{"@type":"ListItem","position":2,"name":"Produkte","item":"https:\/\/www.gmc-moto.ch\/de\/shop\/"},{"@type":"ListItem","position":3,"name":"TRK 502 X E5"}]},{"@type":"WebSite","@id":"https:\/\/www.gmc-moto.ch\/de\/#website","url":"https:\/\/www.gmc-moto.ch\/de\/","name":"Gen\u00e8ve Moto Center","description":"Motos et Scooters neufs - Le plus grand showroom de suisse romande - Venez essayer nos mod\u00e8les - Atelier Motos Scooters - Centre Karcher","publisher":{"@id":"https:\/\/www.gmc-moto.ch\/de\/#organization"},"alternateName":"GMC-Moto","potentialAction":[{"@type":"SearchAction","target":{"@type":"EntryPoint","urlTemplate":"https:\/\/www.gmc-moto.ch\/de\/?s={search_term_string}"},"query-input":{"@type":"PropertyValueSpecification","valueRequired":true,"valueName":"search_term_string"}}],"inLanguage":"de-DE"},{"@type":"Organization","@id":"https:\/\/www.gmc-moto.ch\/de\/#organization","name":"Gen\u00e8ve Moto Center SA","alternateName":"GMC","url":"https:\/\/www.gmc-moto.ch\/de\/","logo":{"@type":"ImageObject","inLanguage":"de-DE","@id":"https:\/\/www.gmc-moto.ch\/de\/#\/schema\/logo\/image\/","url":"https:\/\/www.gmc-moto.ch\/wp-content\/uploads\/2020\/08\/logo-emboss-s.png","contentUrl":"https:\/\/www.gmc-moto.ch\/wp-content\/uploads\/2020\/08\/logo-emboss-s.png","width":80,"height":80,"caption":"Gen\u00e8ve Moto Center SA"},"image":{"@id":"https:\/\/www.gmc-moto.ch\/de\/#\/schema\/logo\/image\/"},"sameAs":["https:\/\/www.facebook.com\/suzukigeneve\/","https:\/\/www.instagram.com\/genevemotocenter\/"]}]}},"_links":{"self":[{"href":"https:\/\/www.gmc-moto.ch\/de\/wp-json\/wp\/v2\/product\/238674","targetHints":{"allow":["GET"]}}],"collection":[{"href":"https:\/\/www.gmc-moto.ch\/de\/wp-json\/wp\/v2\/product"}],"about":[{"href":"https:\/\/www.gmc-moto.ch\/de\/wp-json\/wp\/v2\/types\/product"}],"wp:featuredmedia":[{"embeddable":true,"href":"https:\/\/www.gmc-moto.ch\/de\/wp-json\/wp\/v2\/media\/235059"}],"wp:attachment":[{"href":"https:\/\/www.gmc-moto.ch\/de\/wp-json\/wp\/v2\/media?parent=238674"}],"wp:term":[{"taxonomy":"product_brand","embeddable":true,"href":"https:\/\/www.gmc-moto.ch\/de\/wp-json\/wp\/v2\/product_brand?post=238674"},{"taxonomy":"product_cat","embeddable":true,"href":"https:\/\/www.gmc-moto.ch\/de\/wp-json\/wp\/v2\/product_cat?post=238674"},{"taxonomy":"product_tag","embeddable":true,"href":"https:\/\/www.gmc-moto.ch\/de\/wp-json\/wp\/v2\/product_tag?post=238674"}],"curies":[{"name":"wp","href":"https:\/\/api.w.org\/{rel}","templated":true}]}}

<p>Die ultimative Abenteuermaschine!!! Die neue TRK 502 X wurde im Detail überarbeitet und ist jetzt mit hintergrundbeleuchteten Bedienelementen am Lenker sowie Handschützern, Spiegeln und Griffen ausgestattet, die das Motorradlogo schmücken. Der Lenker und der Kupplungshebel sind verstellbar, sodass jeder Fahrer von den besten Fahrbedingungen profitieren kann. Der TRK 502 X gewinnt dank seines neuen Aluminium-Gepäckträgers an Ergonomie und sein völlig neuer Sattel vervollständigt sein Re-Styling und bietet einen bequemeren und geräumigeren Sitz für maximalen Komfort für Fahrer und Beifahrer.</p>

<!-- This site is optimized with the Yoast SEO plugin v27.5 - https://yoast.com/product/yoast-seo-wordpress/ -->
<title>TRK 502 X E5 - Genève Moto Center</title>
<meta name="description" content="Es gewinnt an Ergonomie dank seines neuen Aluminium-Gepäckträgers und sein brandneuer Sattel vervollständigt sein Re-Styling, kommen Sie und probieren Sie es aus." />
<meta name="robots" content="index, follow, max-snippet:-1, max-image-preview:large, max-video-preview:-1" />
<link rel="canonical" href="https://www.gmc-moto.ch/de/trk-502-x-e5/" />
<meta property="og:locale" content="de_DE" />
<meta property="og:type" content="article" />
<meta property="og:title" content="TRK 502 X E5 - Genève Moto Center" />
<meta property="og:description" content="Es gewinnt an Ergonomie dank seines neuen Aluminium-Gepäckträgers und sein brandneuer Sattel vervollständigt sein Re-Styling, kommen Sie und probieren Sie es aus." />
<meta property="og:url" content="https://www.gmc-moto.ch/de/trk-502-x-e5/" />
<meta property="og:site_name" content="Genève Moto Center" />
<meta property="article:publisher" content="https://www.facebook.com/suzukigeneve/" />
<meta property="article:modified_time" content="2023-05-08T11:58:44+00:00" />
<meta property="og:image" content="https://www.gmc-moto.ch/wp-content/uploads/2022/06/TRK_502_X_E5_b.jpg" />
	<meta property="og:image:width" content="2560" />
	<meta property="og:image:height" content="1776" />
	<meta property="og:image:type" content="image/jpeg" />
<meta name="twitter:card" content="summary_large_image" />
<script type="application/ld+json" class="yoast-schema-graph">{"@context":"https:\/\/schema.org","@graph":[{"@type":["WebPage","ItemPage"],"@id":"https:\/\/www.gmc-moto.ch\/de\/trk-502-x-e5\/","url":"https:\/\/www.gmc-moto.ch\/de\/trk-502-x-e5\/","name":"TRK 502 X E5 - Genève Moto Center","isPartOf":{"@id":"https:\/\/www.gmc-moto.ch\/de\/#website"},"primaryImageOfPage":{"@id":"https:\/\/www.gmc-moto.ch\/de\/trk-502-x-e5\/#primaryimage"},"image":{"@id":"https:\/\/www.gmc-moto.ch\/de\/trk-502-x-e5\/#primaryimage"},"thumbnailUrl":"https:\/\/www.gmc-moto.ch\/wp-content\/uploads\/2022\/06\/TRK_502_X_E5_b.jpg","datePublished":"2022-06-12T14:57:16+00:00","dateModified":"2023-05-08T11:58:44+00:00","description":"Es gewinnt an Ergonomie dank seines neuen Aluminium-Gepäckträgers und sein brandneuer Sattel vervollständigt sein Re-Styling, kommen Sie und probieren Sie es aus.","breadcrumb":{"@id":"https:\/\/www.gmc-moto.ch\/de\/trk-502-x-e5\/#breadcrumb"},"inLanguage":"de-DE","potentialAction":[{"@type":"ReadAction","target":["https:\/\/www.gmc-moto.ch\/de\/trk-502-x-e5\/"]}]},{"@type":"ImageObject","inLanguage":"de-DE","@id":"https:\/\/www.gmc-moto.ch\/de\/trk-502-x-e5\/#primaryimage","url":"https:\/\/www.gmc-moto.ch\/wp-content\/uploads\/2022\/06\/TRK_502_X_E5_b.jpg","contentUrl":"https:\/\/www.gmc-moto.ch\/wp-content\/uploads\/2022\/06\/TRK_502_X_E5_b.jpg","width":2560,"height":1776},{"@type":"BreadcrumbList","@id":"https:\/\/www.gmc-moto.ch\/de\/trk-502-x-e5\/#breadcrumb","itemListElement":[{"@type":"ListItem","position":1,"name":"Home","item":"https:\/\/www.gmc-moto.ch\/de\/"},{"@type":"ListItem","position":2,"name":"Produkte","item":"https:\/\/www.gmc-moto.ch\/de\/shop\/"},{"@type":"ListItem","position":3,"name":"TRK 502 X E5"}]},{"@type":"WebSite","@id":"https:\/\/www.gmc-moto.ch\/de\/#website","url":"https:\/\/www.gmc-moto.ch\/de\/","name":"Genève Moto Center","description":"Motos et Scooters neufs - Le plus grand showroom de suisse romande - Venez essayer nos modèles - Atelier Motos Scooters - Centre Karcher","publisher":{"@id":"https:\/\/www.gmc-moto.ch\/de\/#organization"},"alternateName":"GMC-Moto","potentialAction":[{"@type":"SearchAction","target":{"@type":"EntryPoint","urlTemplate":"https:\/\/www.gmc-moto.ch\/de\/?s={search_term_string}"},"query-input":{"@type":"PropertyValueSpecification","valueRequired":true,"valueName":"search_term_string"}}],"inLanguage":"de-DE"},{"@type":"Organization","@id":"https:\/\/www.gmc-moto.ch\/de\/#organization","name":"Genève Moto Center SA","alternateName":"GMC","url":"https:\/\/www.gmc-moto.ch\/de\/","logo":{"@type":"ImageObject","inLanguage":"de-DE","@id":"https:\/\/www.gmc-moto.ch\/de\/#\/schema\/logo\/image\/","url":"https:\/\/www.gmc-moto.ch\/wp-content\/uploads\/2020\/08\/logo-emboss-s.png","contentUrl":"https:\/\/www.gmc-moto.ch\/wp-content\/uploads\/2020\/08\/logo-emboss-s.png","width":80,"height":80,"caption":"Genève Moto Center SA"},"image":{"@id":"https:\/\/www.gmc-moto.ch\/de\/#\/schema\/logo\/image\/"},"sameAs":["https:\/\/www.facebook.com\/suzukigeneve\/","https:\/\/www.instagram.com\/genevemotocenter\/"]}]}</script>
<!-- / Yoast SEO plugin. -->

TRK 502 X E5 - Genève Moto Center

Es gewinnt an Ergonomie dank seines neuen Aluminium-Gepäckträgers und sein brandneuer Sattel vervollständigt sein Re-Styling, kommen Sie und probieren Sie es aus.

Genève Moto Center

Motos et Scooters neufs - Le plus grand showroom de suisse romande - Venez essayer nos modèles - Atelier Motos Scooters - Centre Karcher

Genève Moto Center SA
